[INFO] fetching crate roa-body 0.5.0-rc...
[INFO] checking roa-body-0.5.0-rc against try#72f88fc4e9458f89516a0b8b0868f3718aec5b47 for pr-74989
[INFO] extracting crate roa-body 0.5.0-rc into /workspace/builds/worker-6/source
[INFO] validating manifest of crates.io crate roa-body 0.5.0-rc on toolchain 72f88fc4e9458f89516a0b8b0868f3718aec5b47
[INFO] running `Command { std: "/workspace/cargo-home/bin/cargo" "+72f88fc4e9458f89516a0b8b0868f3718aec5b47" "read-manifest" "--manifest-path" "Cargo.toml", kill_on_drop: false }`
[INFO] started tweaking crates.io crate roa-body 0.5.0-rc
[INFO] finished tweaking crates.io crate roa-body 0.5.0-rc
[INFO] tweaked toml for crates.io crate roa-body 0.5.0-rc written to /workspace/builds/worker-6/source/Cargo.toml
[INFO] running `Command { std: "/workspace/cargo-home/bin/cargo" "+72f88fc4e9458f89516a0b8b0868f3718aec5b47" "generate-lockfile" "--manifest-path" "Cargo.toml" "-Zno-index-update", kill_on_drop: false }`
[INFO] running `Command { std: "/workspace/cargo-home/bin/cargo" "+72f88fc4e9458f89516a0b8b0868f3718aec5b47" "fetch" "--locked" "--manifest-path" "Cargo.toml", kill_on_drop: false }`
[INFO] running `Command { std: "docker" "create" "-v" "/var/lib/crater-agent-workspace/builds/worker-6/target:/opt/rustwide/target:rw,Z" "-v" "/var/lib/crater-agent-workspace/builds/worker-6/source:/opt/rustwide/workdir:ro,Z" "-v" "/var/lib/crater-agent-workspace/cargo-home:/opt/rustwide/cargo-home:ro,Z" "-v" "/var/lib/crater-agent-workspace/rustup-home:/opt/rustwide/rustup-home:ro,Z" "-e" "SOURCE_DIR=/opt/rustwide/workdir" "-e" "CARGO_TARGET_DIR=/opt/rustwide/target" "-e" "CARGO_HOME=/opt/rustwide/cargo-home" "-e" "RUSTUP_HOME=/opt/rustwide/rustup-home" "-w" "/opt/rustwide/workdir" "-m" "1610612736" "--user" "0:0" "--network" "none" "rustops/crates-build-env@sha256:d92eaeed33fa75130ca1ee6c8a01d1ffb62bac859dfdfb3450e3e5d1c0146529" "/opt/rustwide/cargo-home/bin/cargo" "+72f88fc4e9458f89516a0b8b0868f3718aec5b47" "metadata" "--no-deps" "--format-version=1", kill_on_drop: false }`
[INFO] [stdout] e5ac3ef7eb163dec246885fbf4b6d5a31bf01990d3c3b717b8a3315eb9b0bc0b
[INFO] [stderr] WARNING: Your kernel does not support swap limit capabilities or the cgroup is not mounted. Memory limited without swap.
[INFO] running `Command { std: "docker" "start" "-a" "e5ac3ef7eb163dec246885fbf4b6d5a31bf01990d3c3b717b8a3315eb9b0bc0b", kill_on_drop: false }`
[INFO] running `Command { std: "docker" "inspect" "e5ac3ef7eb163dec246885fbf4b6d5a31bf01990d3c3b717b8a3315eb9b0bc0b", kill_on_drop: false }`
[INFO] running `Command { std: "docker" "rm" "-f" "e5ac3ef7eb163dec246885fbf4b6d5a31bf01990d3c3b717b8a3315eb9b0bc0b", kill_on_drop: false }`
[INFO] [stdout] e5ac3ef7eb163dec246885fbf4b6d5a31bf01990d3c3b717b8a3315eb9b0bc0b
[INFO] running `Command { std: "docker" "create" "-v" "/var/lib/crater-agent-workspace/builds/worker-6/target:/opt/rustwide/target:rw,Z" "-v" "/var/lib/crater-agent-workspace/builds/worker-6/source:/opt/rustwide/workdir:ro,Z" "-v" "/var/lib/crater-agent-workspace/cargo-home:/opt/rustwide/cargo-home:ro,Z" "-v" "/var/lib/crater-agent-workspace/rustup-home:/opt/rustwide/rustup-home:ro,Z" "-e" "SOURCE_DIR=/opt/rustwide/workdir" "-e" "CARGO_TARGET_DIR=/opt/rustwide/target" "-e" "CARGO_INCREMENTAL=0" "-e" "RUST_BACKTRACE=full" "-e" "RUSTFLAGS=--cap-lints=forbid" "-e" "CARGO_HOME=/opt/rustwide/cargo-home" "-e" "RUSTUP_HOME=/opt/rustwide/rustup-home" "-w" "/opt/rustwide/workdir" "-m" "1610612736" "--user" "0:0" "--network" "none" "rustops/crates-build-env@sha256:d92eaeed33fa75130ca1ee6c8a01d1ffb62bac859dfdfb3450e3e5d1c0146529" "/opt/rustwide/cargo-home/bin/cargo" "+72f88fc4e9458f89516a0b8b0868f3718aec5b47" "check" "--frozen" "--all" "--all-targets" "--message-format=json", kill_on_drop: false }`
[INFO] [stdout] 44f56deeb54e54a8ad0aca0f523a90e2b62b6f23abc127f93b75eb5f52afc2c5
[INFO] [stderr] WARNING: Your kernel does not support swap limit capabilities or the cgroup is not mounted. Memory limited without swap.
[INFO] running `Command { std: "docker" "start" "-a" "44f56deeb54e54a8ad0aca0f523a90e2b62b6f23abc127f93b75eb5f52afc2c5", kill_on_drop: false }`
[INFO] [stderr]    Compiling proc-macro2 v1.0.21
[INFO] [stderr]    Compiling unicode-xid v0.2.1
[INFO] [stderr]    Compiling syn v1.0.40
[INFO] [stderr]     Checking cfg-if v0.1.10
[INFO] [stderr]    Compiling libc v0.2.77
[INFO] [stderr]    Compiling log v0.4.11
[INFO] [stderr]    Compiling version_check v0.9.2
[INFO] [stderr]     Checking futures-core v0.3.5
[INFO] [stderr]    Compiling autocfg v1.0.1
[INFO] [stderr]    Compiling memchr v2.3.3
[INFO] [stderr]     Checking lazy_static v1.4.0
[INFO] [stderr]     Checking itoa v0.4.6
[INFO] [stderr]    Compiling proc-macro-hack v0.5.18
[INFO] [stderr]     Checking pin-project-lite v0.1.7
[INFO] [stderr]     Checking slab v0.4.2
[INFO] [stderr]    Compiling serde_derive v1.0.116
[INFO] [stderr]     Checking futures-io v0.3.5
[INFO] [stderr]     Checking once_cell v1.4.1
[INFO] [stderr]    Compiling serde v1.0.116
[INFO] [stderr]     Checking futures-sink v0.3.5
[INFO] [stderr]    Compiling ryu v1.0.5
[INFO] [stderr]    Compiling wasm-bindgen-shared v0.2.68
[INFO] [stderr]    Compiling serde_json v1.0.57
[INFO] [stderr]     Checking bytes v0.5.6
[INFO] [stderr]    Compiling pin-project-internal v0.4.23
[INFO] [stderr]     Checking fnv v1.0.7
[INFO] [stderr]    Compiling bumpalo v3.4.0
[INFO] [stderr]    Compiling proc-macro-nested v0.1.6
[INFO] [stderr]     Checking arc-swap v0.4.7
[INFO] [stderr]     Checking pin-utils v0.1.0
[INFO] [stderr]    Compiling wasm-bindgen v0.2.68
[INFO] [stderr]    Compiling pkg-config v0.3.18
[INFO] [stderr]     Checking cache-padded v1.1.1
[INFO] [stderr]    Compiling cc v1.0.59
[INFO] [stderr]     Checking fastrand v1.3.5
[INFO] [stderr]    Compiling httparse v1.3.4
[INFO] [stderr]     Checking parking v2.0.0
[INFO] [stderr]     Checking hashbrown v0.9.0
[INFO] [stderr]     Checking waker-fn v1.1.0
[INFO] [stderr]     Checking tinyvec v0.3.4
[INFO] [stderr]     Checking matches v0.1.8
[INFO] [stderr]     Checking event-listener v2.4.0
[INFO] [stderr]     Checking try-lock v0.2.3
[INFO] [stderr]    Compiling bitflags v1.2.1
[INFO] [stderr]     Checking vec-arena v0.5.2
[INFO] [stderr]    Compiling openssl v0.10.30
[INFO] [stderr]     Checking percent-encoding v2.1.0
[INFO] [stderr]     Checking async-task v3.0.0
[INFO] [stderr]    Compiling const_fn v0.4.2
[INFO] [stderr]    Compiling maybe-uninit v2.0.0
[INFO] [stderr]     Checking tower-service v0.3.0
[INFO] [stderr]     Checking foreign-types-shared v0.1.1
[INFO] [stderr]     Checking scoped-tls v1.0.0
[INFO] [stderr]     Checking atomic-waker v1.0.0
[INFO] [stderr]    Compiling crc32fast v1.2.0
[INFO] [stderr]     Checking parking v1.0.6
[INFO] [stderr]    Compiling native-tls v0.2.4
[INFO] [stderr]     Checking send_wrapper v0.4.0
[INFO] [stderr]     Checking adler v0.2.3
[INFO] [stderr]     Checking openssl-probe v0.1.2
[INFO] [stderr]     Checking regex-syntax v0.6.18
[INFO] [stderr]    Compiling encoding_rs v0.8.24
[INFO] [stderr]     Checking mime v0.3.16
[INFO] [stderr]     Checking dtoa v0.4.6
[INFO] [stderr]     Checking ipnet v2.3.0
[INFO] [stderr]     Checking base64 v0.12.3
[INFO] [stderr]     Checking tracing-core v0.1.16
[INFO] [stderr]     Checking futures-task v0.3.5
[INFO] [stderr]     Checking futures-channel v0.3.5
[INFO] [stderr]     Checking concurrent-queue v1.2.2
[INFO] [stderr]    Compiling standback v0.2.10
[INFO] [stderr]    Compiling unicase v2.6.0
[INFO] [stderr]    Compiling time v0.2.19
[INFO] [stderr]    Compiling error-chain v0.12.4
[INFO] [stderr]    Compiling cookie v0.14.2
[INFO] [stderr]    Compiling test-case v1.0.0
[INFO] [stderr]     Checking http v0.2.1
[INFO] [stderr]     Checking unicode-bidi v0.3.4
[INFO] [stderr]    Compiling indexmap v1.6.0
[INFO] [stderr]    Compiling crossbeam-utils v0.7.2
[INFO] [stderr]     Checking async-mutex v1.3.0
[INFO] [stderr]     Checking foreign-types v0.3.2
[INFO] [stderr]     Checking unicode-normalization v0.1.13
[INFO] [stderr]     Checking miniz_oxide v0.4.1
[INFO] [stderr]     Checking multitask v0.2.0
[INFO] [stderr]     Checking async-channel v1.4.2
[INFO] [stderr]     Checking futures-lite v0.1.11
[INFO] [stderr]     Checking tracing v0.1.19
[INFO] [stderr]     Checking want v0.3.0
[INFO] [stderr]     Checking kv-log-macro v1.0.7
[INFO] [stderr]    Compiling quote v1.0.7
[INFO] [stderr]     Checking net2 v0.2.35
[INFO] [stderr]     Checking iovec v0.1.4
[INFO] [stderr]     Checking num_cpus v1.13.0
[INFO] [stderr]     Checking signal-hook-registry v1.2.1
[INFO] [stderr]     Checking socket2 v0.3.15
[INFO] [stderr]     Checking polling v0.1.9
[INFO] [stderr]     Checking time v0.1.44
[INFO] [stderr]     Checking flate2 v1.0.17
[INFO] [stderr]     Checking regex v1.3.9
[INFO] [stderr]    Compiling mime_guess v2.0.3
[INFO] [stderr]     Checking mio v0.6.22
[INFO] [stderr]     Checking idna v0.2.0
[INFO] [stderr]    Compiling openssl-sys v0.9.58
[INFO] [stderr]     Checking crossbeam-queue v0.2.3
[INFO] [stderr]     Checking blocking v0.5.2
[INFO] [stderr]     Checking async-io v0.1.11
[INFO] [stderr]     Checking async-compression v0.3.5
[INFO] [stderr]     Checking async-executor v0.1.2
[INFO] [stderr]     Checking url v2.1.1
[INFO] [stderr]     Checking mio-uds v0.6.8
[INFO] [stderr]     Checking http-body v0.3.1
[INFO] [stderr]     Checking publicsuffix v1.5.4
[INFO] [stderr]    Compiling wasm-bindgen-backend v0.2.68
[INFO] [stderr]    Compiling wasm-bindgen-macro-support v0.2.68
[INFO] [stderr]    Compiling tokio-macros v0.2.5
[INFO] [stderr]    Compiling futures-macro v0.3.5
[INFO] [stderr]    Compiling wasm-bindgen-macro v0.2.68
[INFO] [stderr]    Compiling time-macros-impl v0.1.1
[INFO] [stderr]    Compiling async-trait v0.1.40
[INFO] [stderr]     Checking tokio v0.2.22
[INFO] [stderr]     Checking time-macros v0.1.0
[INFO] [stderr]     Checking pin-project v0.4.23
[INFO] [stderr]     Checking futures-util v0.3.5
[INFO] [stderr]     Checking tokio-util v0.3.1
[INFO] [stderr]     Checking tokio-tls v0.3.1
[INFO] [stderr]     Checking h2 v0.2.6
[INFO] [stderr]     Checking futures-executor v0.3.5
[INFO] [stderr]     Checking futures v0.3.5
[INFO] [stderr]     Checking serde_urlencoded v0.6.1
[INFO] [stderr]     Checking hyper v0.13.7
[INFO] [stderr]     Checking cookie_store v0.12.0
[INFO] [stderr]     Checking js-sys v0.3.45
[INFO] [stderr]     Checking web-sys v0.3.45
[INFO] [stderr]     Checking hyper-tls v0.4.3
[INFO] [stderr]     Checking reqwest v0.10.8
[INFO] [stderr]     Checking gloo-timers v0.2.1
[INFO] [stderr]     Checking futures-timer v3.0.2
[INFO] [stderr]     Checking async-std v1.6.3
[INFO] [stderr]     Checking roa-core v0.5.0
[INFO] [stderr]     Checking roa-tcp v0.5.0-rc
[INFO] [stderr]     Checking roa-body v0.5.0-rc (/opt/rustwide/workdir)
[INFO] [stdout] error[E0432]: unresolved import `roa_core::Error`
[INFO] [stdout]   --> src/lib.rs:86:44
[INFO] [stdout]    |
[INFO] [stdout] 86 | use roa_core::{async_trait, http, Context, Error, Result, State};
[INFO] [stdout]    |                                            ^^^^^ no `Error` in the root
[INFO] [stdout] 
[INFO] [stdout] 
[INFO] [stdout] error: aborting due to previous error
[INFO] [stdout] 
[INFO] [stdout] 
[INFO] [stdout] For more information about this error, try `rustc --explain E0432`.
[INFO] [stdout] 
[INFO] [stderr] error: could not compile `roa-body`.
[INFO] [stderr] 
[INFO] [stderr] To learn more, run the command again with --verbose.
[INFO] [stderr] warning: build failed, waiting for other jobs to finish...
[INFO] [stdout] error[E0277]: the trait bound `WrapStream<async_std::net::TcpStream>: futures::AsyncRead` is not satisfied
[INFO] [stdout]   --> /opt/rustwide/cargo-home/registry/src/github.com-1ecc6299db9ec823/roa-tcp-0.5.0-rc/src/listen.rs:61:30
[INFO] [stdout]    |
[INFO] [stdout] 61 |         Ok((local_addr, self.accept(incoming)))
[INFO] [stdout]    |                              ^^^^^^ the trait `futures::AsyncRead` is not implemented for `WrapStream<async_std::net::TcpStream>`
[INFO] [stdout] 
[INFO] [stdout] 
[INFO] [stdout] error[E0277]: the trait bound `WrapStream<async_std::net::TcpStream>: futures::AsyncWrite` is not satisfied
[INFO] [stdout]   --> /opt/rustwide/cargo-home/registry/src/github.com-1ecc6299db9ec823/roa-tcp-0.5.0-rc/src/listen.rs:61:30
[INFO] [stdout]    |
[INFO] [stdout] 61 |         Ok((local_addr, self.accept(incoming)))
[INFO] [stdout]    |                              ^^^^^^ the trait `futures::AsyncWrite` is not implemented for `WrapStream<async_std::net::TcpStream>`
[INFO] [stdout] 
[INFO] [stdout] 
[INFO] [stdout] error: aborting due to 2 previous errors
[INFO] [stdout] 
[INFO] [stdout] 
[INFO] [stdout] For more information about this error, try `rustc --explain E0277`.
[INFO] [stdout] 
[INFO] [stderr] error: build failed
[INFO] running `Command { std: "docker" "inspect" "44f56deeb54e54a8ad0aca0f523a90e2b62b6f23abc127f93b75eb5f52afc2c5", kill_on_drop: false }`
[INFO] running `Command { std: "docker" "rm" "-f" "44f56deeb54e54a8ad0aca0f523a90e2b62b6f23abc127f93b75eb5f52afc2c5", kill_on_drop: false }`
[INFO] [stdout] 44f56deeb54e54a8ad0aca0f523a90e2b62b6f23abc127f93b75eb5f52afc2c5
